actors of r.
809
Let d(m) = 2*m**3 + 6*m**2 + 8*m + 5. What are the prime factors of d(12)?
4421
Suppose 708 = 5*u - m, 2*u - 2*m - m - 278 = 0. What are the prime factors of u?
2, 71
Suppose -3*r - 5*n + 46 = 0, -2*r = r + 2*n - 31. Suppose 0 = o - r + 2. List the prime factors of o.
5
Let y = -26 - -30. Suppose -3*l - 267 = 4*c - 780, 3*c = -y*l + 383. What are the prime factors of c?
3, 43
Suppose 0 = -2*v - 72 - 236. Let y = -131 - v. What are the prime factors of y?
23
Suppose -o + 3*u + 21 = 0, -o + 24 = -5*u - 5. What are the prime factors of o?
3
Let b = -409 + 687. What are the prime factors of b?
2, 139
Let i(d) = 5*d**2 + 1. Let k be i(1). Suppose 4*r = 16, 5*r + 675 = k*p - p. List the prime factors of p.
139
Suppose -5*g + 252 = 2*m, 0*g + 2*g - 520 = -4*m. List the prime factors of m.
131
Suppose -2*s = -4*s + 12. Let b(f) = 3*f - 9. Let r be b(s). Suppose -r = 2*w - 69. What are the prime factors of w?
2, 3, 5
Suppose 13082 = 8*o + 130. List the prime factors of o.
1619
Let b = -262 + 1046. List the prime factors of b.
2, 7
Suppose s + w = 39 + 6, 2*w + 70 = 2*s. Let x be (-3)/(-3) + (-3)/(-1). What are the prime factors of 5*x/s*6?
3
Let k(d) be the second derivative of -d**4/12 - 8*d**3/3 + 7*d**2 + 16*d. What are the prime factors of k(-12)?
2, 31
Suppose 5*s - 159 = 2*s. Let v = -19 + s. List the prime factors of v.
2, 17
Let t(w) = 2*w**2 - 29*w + 108. What are the prime factors of t(30)?
2, 3, 173
Let q(a) be the second derivative of a**5/20 + a**4 + 2*a**3 + 6*a**2 + a. Let i(r) = 1. Let x(v) = 4*i(v) + q(v). What are the prime factors of x(-11)?
5
Let d = -216 + 290. List the prime factors of d.
2, 37
Let g(c) = 124*c + 134. What are the prime factors of g(6)?
2, 439
Suppose 2*s + 8 = 4, 2*d + 2*s - 3442 = 0. List the prime factors of d.
1723
Let x = 6662 - 2687. List the prime factors of x.
3, 5, 53
Let m = 11 - -90. Suppose -5*q = s - 0*q - 78, 2*s - m = q. What are the prime factors of s?
53
Suppose 8*h - 2*h - 18 = 0. Suppose h*q - 11 - 1 = 0. What are the prime factors of q?
2
List the prime factors of (2546 + 1)*(0 + 1 + 0).
3, 283
Suppose 0 = 4*j + 8, -r = -2*j - 3*j - 39. Let m = 22 + r. List the prime factors of m.
3, 17
Let a be (-5)/(150/(-18)) - (-1378)/(-5). Let b = a + 446. List the prime factors of b.
3, 19
Suppose -27 = 5*l + 23. Let t = -5 - l. Suppose -4 = t*c - 7*c. What are the prime factors of c?
2
Let u(v) = 19 + v**2 + 8*v + 7*v + 12*v - 29*v. List the prime factors of u(0).
19
Let u(v) = 14*v - 13. Suppose -16 = -3*t - 4*r, -2*r = r - 3. List the prime factors of u(t).
43
Suppose 0 = 3*s - 8*s - 30. Let g(a) = -9*a + 13. What are the prime factors of g(s)?
67
Let w = 22 + 43. Suppose -v - 4*v = 10, 0 = 3*x + 2*v - w. What are the prime factors of x?
23
Suppose 4*r = 35 + 397. Suppose -2*o + l = -109, r + 75 = 3*o + 5*l. Suppose 2*v = -2*m + 66, 5*v - m - 79 = o. List the prime factors of v.
2, 7
Let y be 1 - -8 - (-15)/(-4 - -1). Let o(r) = 5*r - 7. Let a be o(5). Suppose -i - y = -a. What are the prime factors of i?
2, 7
Suppose 864 = -q + 10*q. Let w = -83 + q. List the prime factors of w.
13
Suppose -3 = -2*x + 3. Let d be (-13 + x)*-2*1. What are the prime factors of -8*d/(-8)*1?
2, 5
Let s = -13 - -14. Let o = 3 - 6. List the prime factors of 31 + (o - -1) - s.
2, 7
Let y(t) = 100*t - 2. List the prime factors of y(8).
2, 3, 7, 19
Let w be 122/12 - 5/30. Let k = 6 + w. Suppose -14*s + k*s = 36. What are the prime factors of s?
2, 3
Let t = 55 + -33. Let q(m) = -m**3 + 16*m**2 + 36*m + 3. Let y be q(18). Suppose -h = -y*h + t. What are the prime factors of h?
11
What are the prime factors of (-10)/(15/(-3))*83 - -4?
2, 5, 17
Let y(h) = h**2 - h - 20. Let i be ((-80)/(-15))/(1/(-3)). List the prime factors of y(i).
2, 3, 7
Let x = 152 + -340. Let b = -113 - x. What are the prime factors of b?
3, 5
Suppose -6*h + 8*h + 8 = 0. What are the prime factors of (2/h)/((-4)/424)?
53
Let z(b) = -3*b**2 + 5*b - 2. Let r(l) = 3*l**2 - 4*l + 2. Let a(w) = 5*r(w) + 4*z(w). Let j be a(3). List the prime factors of -5 + 1 + (j - 0).
5
Suppose 7*k = -3594 + 13072. What are the prime factors of k?
2, 677
Let s(l) = 611*l - 127. What are the prime factors of s(5)?
2, 3, 61
Suppose -4*m = -0 - 8. What are the prime factors of (-12*(-4)/16)/(m/34)?
3, 17
Let k(v) = 39*v - 111. What are the prime factors of k(6)?
3, 41
Suppose -15*o + 16*o = -2*z + 886, 0 = 3*o - z - 2651. List the prime factors of o.
2, 13, 17
Let f = 54 + -51. Suppose -2*u - 83 = -m - 7*u, f*m - 4*u - 306 = 0. List the prime factors of m.
2, 7
Suppose 0 = -3*u + u + 3*o - 10, -4*u + 3*o = 8. Let t(a) = 65*a - 1. What are the prime factors of t(u)?
2
Let p be 1/((-298)/(-74) + -4). Let n be (-44)/(-6)*(-4 - -1). Let c = n + p. List the prime factors of c.
3, 5
Let a(d) = 6*d**3 + 4*d**2 - 4*d. Let o be a(1). Suppose o*k - 441 = -129. What are the prime factors of k?
2, 13
Suppose -2*r - 30 = -138. Suppose -l + 3*l + 76 = 5*x, -5*l = -4*x + r. Suppose 9 = -x*h + 19*h. What are the prime factors of h?
3
Suppose 5*z + 4*j = z + 68, 3*z = -5*j + 43. Let y = -20 + z. Suppose 47 + y = 3*t. What are the prime factors of t?
2
Let l(f) = -4*f**3 + 3*f**2 - 5. Let j(w) = 7*w**3 - 6*w**2 + 9. Let k(a) = -6*j(a) - 11*l(a). What are the prime factors of k(3)?
2, 41
List the prime factors of 5 - -1651 - -5 - -4.
3, 5, 37
Let h be (-5)/((-6)/(-2) - 4). Let d be (-2)/h - 168/30. Let i = d - -11. What are the prime factors of i?
5
Suppose 298 + 318 = -11*n. Let g = n - -132. List the prime factors of g.
2, 19
Let u(b) = -b**2 - 6*b - 1. Let f be u(-5). Suppose -a = -3*y + 2 + 207, 2*y + f*a = 116. List the prime factors of y.
2, 17
Suppose -214*o - 3904 = -218*o. List the prime factors of o.
2, 61
Let t be -5 + (-185)/(-35) - 632/7. List the prime factors of (5/(-3))/(5/t).
2, 3, 5
Suppose a + 2*c - 11 = 0, -5*a + 4*c - 2*c + 19 = 0. Suppose 4*v - 296 = 2*l + 474, -3*l = a*v - 968. List the prime factors of v.
193
Let t(i) = 841*i**2 - 11*i + 15. What are the prime factors of t(2)?
3, 373
Suppose 23*t = 24*t - 189. Let s = t - 127. List the prime factors of s.
2, 31
Let f(l) = 149*l**2 - 11*l + 121. What are the prime factors of f(5)?
17, 223
Let n(u) = -67*u + 1. Let h be n(-1). Let t = 75 - h. List the prime factors of t.
7
Let h = 3745 - -1243. List the prime factors of h.
2, 29, 43
Let s(k) = k + 7. Let b be s(-8). Let w be 2 - (-1 - b)/3. Suppose 43 = 5*n + w*p, 16 = 3*n - 3*p - 14. What are the prime factors of n?
3
Suppose -5*d - 5*h = 5, 2*h + 38 = 5*d + 8. Suppose -d*w + 12 = -32. Suppose -94 - w = -5*k. What are the prime factors of k?
3, 7
Let f be -2 - (4/(-18) - 215/45). List the prime factors of 69*(6 + (-9)/f).
3, 23
Suppose -4*y = -a + 7, -32 = 4*y + 5*a - a. List the prime factors of 0/(-4) + y/((-6)/190).
5, 19
Let x(k) = k**3 - k**2 + 3*k + 2. Let o be x(3). Let q = -4 - -4. Suppose i - o = -q*i. What are the prime factors of i?
29
List the prime factors of (-419)/((-4)/(-6)*36/(-24)).
419
Suppose 2*x - 5*s + 57 = -x, -x + 4*s = 26. Let o = x - -12. List the prime factors of (-15)/(-12)*(-72)/o.
3, 5
Suppose -3*j + 4*r = -436, j - 3*j = 3*r - 319. Let b = j + -19. What are the prime factors of b?
7, 19
Let u(m) = 143*m + 33. List the prime factors of u(8).
11, 107
Let s be ((-45)/10)/(-9)*2. Let p(z) = -s + z**3 - z**2 + 4*z**3 + z + 0*z**3. What are the prime factors of p(1)?
2
Let w(b) = 24*b**2 + 13*b + 2. List the prime factors of w(-4).
2, 167
List the prime factors of 15488/66 - (-2 - (-24)/9).
2, 3, 13
Suppose 2*s - 53 = 225. What are the prime factors of s?
139
Let a = -34 + 40. Suppose 57 = a*v - 57. List the prime factors of v.
19
List the prime factors of (1604/6)/((-23)/(-138)).
2, 401
Suppose -203*q = -206*q + 4161. What are the prime factors of q?
19, 73
Let z = 2838 - 1294. List the prime factors of z.
2, 193
Suppose -10 = -3*y + m, -y + 3*y = 2*m. Suppose 0 = -3*b + h + 172, -2*b - y*h + 2*h = -133. What are the prime factors of b?
59
Let q(i) = 6*i**2 + 3*i - 1. Let x be q(2). Let p = 6 - 4. Let o = x - p. What are the prime factors of o?
3
Suppose 1661 = 5*i + m, 5*i + 4*m - 1664 = -0*i. List the prime factors of i.
2, 83
Let d = -1661 + 2401. Suppose -4*n + 9*n = d. List the prime factors of n.
2, 37
Suppose -216 = -0*o -